{"id":4465,"date":"2020-12-24T04:11:08","date_gmt":"2020-12-24T04:11:08","guid":{"rendered":"https:\/\/camping-lestrexons.com\/reservering\/pitch\/"},"modified":"2025-04-03T13:16:00","modified_gmt":"2025-04-03T13:16:00","slug":"pitch","status":"publish","type":"hb_accommodation","link":"https:\/\/camping-lestrexons.com\/fr\/reservering\/pitch\/","title":{"rendered":"Emplacement"},"content":{"rendered":"<p>Les campeurs disposant de leur propre tente, caravane, tente-remorque ou camping-car sont les bienvenus pour s\u2019installer sur l\u2019un de nos emplacements spacieux. Chaque emplacement dispose d\u2019un raccordement \u00e9lectrique.<br \/>\nVous pouvez choisir entre des emplacements sur le grand terrain ouvert, des zones plus ombrag\u00e9es ou plus priv\u00e9es, avec une vue d\u00e9gag\u00e9e ou entour\u00e9s de verdure, proches de l\u2019aire de jeux ou dans un coin plus isol\u00e9. Vous pouvez toujours nous faire part de votre pr\u00e9f\u00e9rence. En fonction des disponibilit\u00e9s, nous r\u00e9serverons un bel emplacement pour vous lors de la r\u00e9servation.<br \/>\nIl est conseill\u00e9 de r\u00e9server \u00e0 l\u2019avance pour les mois de juillet et ao\u00fbt, qui sont tr\u00e8s pris\u00e9s.<br \/>Les tarifs sont l\u00e9g\u00e8rement plus \u00e9lev\u00e9s durant cette p\u00e9riode.     <\/p>\n","protected":false},"featured_media":4078,"template":"","class_list":["post-4465","hb_accommodation","type-hb_accommodation","status-publish","has-post-thumbnail","hentry"],"yoast_head":"<!-- This site is optimized with the Yoast SEO plugin v27.0 - https:\/\/yoast.com\/product\/yoast-seo-wordpress\/ -->\n<title>Emplacement - Camping Les Trexons<\/title>\n<meta name=\"robots\" content=\"index, follow, max-snippet:-1, max-image-preview:large, max-video-preview:-1\" \/>\n<link rel=\"canonical\" href=\"https:\/\/camping-lestrexons.com\/fr\/reservering\/pitch\/\" \/>\n<meta property=\"og:locale\" content=\"fr_FR\" \/>\n<meta property=\"og:type\" content=\"article\" \/>\n<meta property=\"og:title\" content=\"Emplacement - Camping Les Trexons\" \/>\n<meta property=\"og:description\" content=\"Les campeurs disposant de leur propre tente, caravane, tente-remorque ou camping-car sont les bienvenus pour s\u2019installer sur l\u2019un de nos emplacements spacieux. Chaque emplacement dispose d\u2019un raccordement \u00e9lectrique. Vous pouvez choisir entre des emplacements sur le grand terrain ouvert, des zones plus ombrag\u00e9es ou plus priv\u00e9es, avec une vue d\u00e9gag\u00e9e ou entour\u00e9s de verdure, proches de l\u2019aire de jeux ou\u2026\" \/>\n<meta property=\"og:url\" content=\"https:\/\/camping-lestrexons.com\/fr\/reservering\/pitch\/\" \/>\n<meta property=\"og:site_name\" content=\"Camping Les Trexons\" \/>\n<meta property=\"article:publisher\" content=\"https:\/\/www.facebook.com\/LesTrexons\" \/>\n<meta property=\"article:modified_time\" content=\"2025-04-03T13:16:00+00:00\" \/>\n<meta property=\"og:image\" content=\"https:\/\/camping-lestrexons.com\/wp-content\/uploads\/2024\/11\/Caravan-op-22-800x600-min.jpg\" \/>\n\t<meta property=\"og:image:width\" content=\"800\" \/>\n\t<meta property=\"og:image:height\" content=\"600\" \/>\n\t<meta property=\"og:image:type\" content=\"image\/jpeg\" \/>\n<meta name=\"twitter:card\" content=\"summary_large_image\" \/>\n<meta name=\"twitter:label1\" content=\"Dur\u00e9e de lecture estim\u00e9e\" \/>\n\t<meta name=\"twitter:data1\" content=\"1 minute\" \/>\n<script type=\"application\/ld+json\" class=\"yoast-schema-graph\">{\"@context\":\"https:\/\/schema.org\",\"@graph\":[{\"@type\":\"WebPage\",\"@id\":\"https:\/\/camping-lestrexons.com\/fr\/reservering\/pitch\/\",\"url\":\"https:\/\/camping-lestrexons.com\/fr\/reservering\/pitch\/\",\"name\":\"Emplacement - Camping Les Trexons\",\"isPartOf\":{\"@id\":\"https:\/\/camping-lestrexons.com\/fr\/#website\"},\"primaryImageOfPage\":{\"@id\":\"https:\/\/camping-lestrexons.com\/fr\/reservering\/pitch\/#primaryimage\"},\"image\":{\"@id\":\"https:\/\/camping-lestrexons.com\/fr\/reservering\/pitch\/#primaryimage\"},\"thumbnailUrl\":\"https:\/\/camping-lestrexons.com\/wp-content\/uploads\/2024\/11\/Caravan-op-22-800x600-min.jpg\",\"datePublished\":\"2020-12-24T04:11:08+00:00\",\"dateModified\":\"2025-04-03T13:16:00+00:00\",\"breadcrumb\":{\"@id\":\"https:\/\/camping-lestrexons.com\/fr\/reservering\/pitch\/#breadcrumb\"},\"inLanguage\":\"fr-FR\",\"potentialAction\":[{\"@type\":\"ReadAction\",\"target\":[\"https:\/\/camping-lestrexons.com\/fr\/reservering\/pitch\/\"]}]},{\"@type\":\"ImageObject\",\"inLanguage\":\"fr-FR\",\"@id\":\"https:\/\/camping-lestrexons.com\/fr\/reservering\/pitch\/#primaryimage\",\"url\":\"https:\/\/camping-lestrexons.com\/wp-content\/uploads\/2024\/11\/Caravan-op-22-800x600-min.jpg\",\"contentUrl\":\"https:\/\/camping-lestrexons.com\/wp-content\/uploads\/2024\/11\/Caravan-op-22-800x600-min.jpg\",\"width\":800,\"height\":600},{\"@type\":\"BreadcrumbList\",\"@id\":\"https:\/\/camping-lestrexons.com\/fr\/reservering\/pitch\/#breadcrumb\",\"itemListElement\":[{\"@type\":\"ListItem\",\"position\":1,\"name\":\"Home\",\"item\":\"https:\/\/camping-lestrexons.com\/fr\/home-2\/\"},{\"@type\":\"ListItem\",\"position\":2,\"name\":\"Types d&#039;h\u00e9bergement\",\"item\":\"https:\/\/camping-lestrexons.com\/fr\/reservering\/\"},{\"@type\":\"ListItem\",\"position\":3,\"name\":\"Emplacement\"}]},{\"@type\":\"WebSite\",\"@id\":\"https:\/\/camping-lestrexons.com\/fr\/#website\",\"url\":\"https:\/\/camping-lestrexons.com\/fr\/\",\"name\":\"Camping Les Trexons\",\"description\":\"Familie camping in Frankrijk de Vogezen\",\"publisher\":{\"@id\":\"https:\/\/camping-lestrexons.com\/fr\/#organization\"},\"potentialAction\":[{\"@type\":\"SearchAction\",\"target\":{\"@type\":\"EntryPoint\",\"urlTemplate\":\"https:\/\/camping-lestrexons.com\/fr\/?s={search_term_string}\"},\"query-input\":{\"@type\":\"PropertyValueSpecification\",\"valueRequired\":true,\"valueName\":\"search_term_string\"}}],\"inLanguage\":\"fr-FR\"},{\"@type\":\"Organization\",\"@id\":\"https:\/\/camping-lestrexons.com\/fr\/#organization\",\"name\":\"Camping Les Trexons\",\"url\":\"https:\/\/camping-lestrexons.com\/fr\/\",\"logo\":{\"@type\":\"ImageObject\",\"inLanguage\":\"fr-FR\",\"@id\":\"https:\/\/camping-lestrexons.com\/fr\/#\/schema\/logo\/image\/\",\"url\":\"https:\/\/camping-lestrexons.com\/wp-content\/uploads\/2024\/12\/cropped-NewColors750-min.png\",\"contentUrl\":\"https:\/\/camping-lestrexons.com\/wp-content\/uploads\/2024\/12\/cropped-NewColors750-min.png\",\"width\":512,\"height\":512,\"caption\":\"Camping Les Trexons\"},\"image\":{\"@id\":\"https:\/\/camping-lestrexons.com\/fr\/#\/schema\/logo\/image\/\"},\"sameAs\":[\"https:\/\/www.facebook.com\/LesTrexons\"]}]}<\/script>\n<!-- \/ Yoast SEO plugin. -->","yoast_head_json":{"title":"Emplacement - Camping Les Trexons","robots":{"index":"index","follow":"follow","max-snippet":"max-snippet:-1","max-image-preview":"max-image-preview:large","max-video-preview":"max-video-preview:-1"},"canonical":"https:\/\/camping-lestrexons.com\/fr\/reservering\/pitch\/","og_locale":"fr_FR","og_type":"article","og_title":"Emplacement - Camping Les Trexons","og_description":"Les campeurs disposant de leur propre tente, caravane, tente-remorque ou camping-car sont les bienvenus pour s\u2019installer sur l\u2019un de nos emplacements spacieux. Chaque emplacement dispose d\u2019un raccordement \u00e9lectrique. Vous pouvez choisir entre des emplacements sur le grand terrain ouvert, des zones plus ombrag\u00e9es ou plus priv\u00e9es, avec une vue d\u00e9gag\u00e9e ou entour\u00e9s de verdure, proches de l\u2019aire de jeux ou\u2026","og_url":"https:\/\/camping-lestrexons.com\/fr\/reservering\/pitch\/","og_site_name":"Camping Les Trexons","article_publisher":"https:\/\/www.facebook.com\/LesTrexons","article_modified_time":"2025-04-03T13:16:00+00:00","og_image":[{"width":800,"height":600,"url":"https:\/\/camping-lestrexons.com\/wp-content\/uploads\/2024\/11\/Caravan-op-22-800x600-min.jpg","type":"image\/jpeg"}],"twitter_card":"summary_large_image","twitter_misc":{"Dur\u00e9e de lecture estim\u00e9e":"1 minute"},"schema":{"@context":"https:\/\/schema.org","@graph":[{"@type":"WebPage","@id":"https:\/\/camping-lestrexons.com\/fr\/reservering\/pitch\/","url":"https:\/\/camping-lestrexons.com\/fr\/reservering\/pitch\/","name":"Emplacement - Camping Les Trexons","isPartOf":{"@id":"https:\/\/camping-lestrexons.com\/fr\/#website"},"primaryImageOfPage":{"@id":"https:\/\/camping-lestrexons.com\/fr\/reservering\/pitch\/#primaryimage"},"image":{"@id":"https:\/\/camping-lestrexons.com\/fr\/reservering\/pitch\/#primaryimage"},"thumbnailUrl":"https:\/\/camping-lestrexons.com\/wp-content\/uploads\/2024\/11\/Caravan-op-22-800x600-min.jpg","datePublished":"2020-12-24T04:11:08+00:00","dateModified":"2025-04-03T13:16:00+00:00","breadcrumb":{"@id":"https:\/\/camping-lestrexons.com\/fr\/reservering\/pitch\/#breadcrumb"},"inLanguage":"fr-FR","potentialAction":[{"@type":"ReadAction","target":["https:\/\/camping-lestrexons.com\/fr\/reservering\/pitch\/"]}]},{"@type":"ImageObject","inLanguage":"fr-FR","@id":"https:\/\/camping-lestrexons.com\/fr\/reservering\/pitch\/#primaryimage","url":"https:\/\/camping-lestrexons.com\/wp-content\/uploads\/2024\/11\/Caravan-op-22-800x600-min.jpg","contentUrl":"https:\/\/camping-lestrexons.com\/wp-content\/uploads\/2024\/11\/Caravan-op-22-800x600-min.jpg","width":800,"height":600},{"@type":"BreadcrumbList","@id":"https:\/\/camping-lestrexons.com\/fr\/reservering\/pitch\/#breadcrumb","itemListElement":[{"@type":"ListItem","position":1,"name":"Home","item":"https:\/\/camping-lestrexons.com\/fr\/home-2\/"},{"@type":"ListItem","position":2,"name":"Types d&#039;h\u00e9bergement","item":"https:\/\/camping-lestrexons.com\/fr\/reservering\/"},{"@type":"ListItem","position":3,"name":"Emplacement"}]},{"@type":"WebSite","@id":"https:\/\/camping-lestrexons.com\/fr\/#website","url":"https:\/\/camping-lestrexons.com\/fr\/","name":"Camping Les Trexons","description":"Familie camping in Frankrijk de Vogezen","publisher":{"@id":"https:\/\/camping-lestrexons.com\/fr\/#organization"},"potentialAction":[{"@type":"SearchAction","target":{"@type":"EntryPoint","urlTemplate":"https:\/\/camping-lestrexons.com\/fr\/?s={search_term_string}"},"query-input":{"@type":"PropertyValueSpecification","valueRequired":true,"valueName":"search_term_string"}}],"inLanguage":"fr-FR"},{"@type":"Organization","@id":"https:\/\/camping-lestrexons.com\/fr\/#organization","name":"Camping Les Trexons","url":"https:\/\/camping-lestrexons.com\/fr\/","logo":{"@type":"ImageObject","inLanguage":"fr-FR","@id":"https:\/\/camping-lestrexons.com\/fr\/#\/schema\/logo\/image\/","url":"https:\/\/camping-lestrexons.com\/wp-content\/uploads\/2024\/12\/cropped-NewColors750-min.png","contentUrl":"https:\/\/camping-lestrexons.com\/wp-content\/uploads\/2024\/12\/cropped-NewColors750-min.png","width":512,"height":512,"caption":"Camping Les Trexons"},"image":{"@id":"https:\/\/camping-lestrexons.com\/fr\/#\/schema\/logo\/image\/"},"sameAs":["https:\/\/www.facebook.com\/LesTrexons"]}]}},"_links":{"self":[{"href":"https:\/\/camping-lestrexons.com\/fr\/wp-json\/wp\/v2\/hb_accommodation\/4465","targetHints":{"allow":["GET"]}}],"collection":[{"href":"https:\/\/camping-lestrexons.com\/fr\/wp-json\/wp\/v2\/hb_accommodation"}],"about":[{"href":"https:\/\/camping-lestrexons.com\/fr\/wp-json\/wp\/v2\/types\/hb_accommodation"}],"version-history":[{"count":0,"href":"https:\/\/camping-lestrexons.com\/fr\/wp-json\/wp\/v2\/hb_accommodation\/4465\/revisions"}],"wp:featuredmedia":[{"embeddable":true,"href":"https:\/\/camping-lestrexons.com\/fr\/wp-json\/wp\/v2\/media\/4078"}],"wp:attachment":[{"href":"https:\/\/camping-lestrexons.com\/fr\/wp-json\/wp\/v2\/media?parent=4465"}],"curies":[{"name":"wp","href":"https:\/\/api.w.org\/{rel}","templated":true}]}}

<p>Les campeurs disposant de leur propre tente, caravane, tente-remorque ou camping-car sont les bienvenus pour s’installer sur l’un de nos emplacements spacieux. Chaque emplacement dispose d’un raccordement électrique.<br />
Vous pouvez choisir entre des emplacements sur le grand terrain ouvert, des zones plus ombragées ou plus privées, avec une vue dégagée ou entourés de verdure, proches de l’aire de jeux ou dans un coin plus isolé. Vous pouvez toujours nous faire part de votre préférence. En fonction des disponibilités, nous réserverons un bel emplacement pour vous lors de la réservation.<br />
Il est conseillé de réserver à l’avance pour les mois de juillet et août, qui sont très prisés.<br />Les tarifs sont légèrement plus élevés durant cette période.     </p>

<!-- This site is optimized with the Yoast SEO plugin v27.0 - https://yoast.com/product/yoast-seo-wordpress/ -->
<title>Emplacement - Camping Les Trexons</title>
<meta name="robots" content="index, follow, max-snippet:-1, max-image-preview:large, max-video-preview:-1" />
<link rel="canonical" href="https://camping-lestrexons.com/fr/reservering/pitch/" />
<meta property="og:locale" content="fr_FR" />
<meta property="og:type" content="article" />
<meta property="og:title" content="Emplacement - Camping Les Trexons" />
<meta property="og:description" content="Les campeurs disposant de leur propre tente, caravane, tente-remorque ou camping-car sont les bienvenus pour s’installer sur l’un de nos emplacements spacieux. Chaque emplacement dispose d’un raccordement électrique. Vous pouvez choisir entre des emplacements sur le grand terrain ouvert, des zones plus ombragées ou plus privées, avec une vue dégagée ou entourés de verdure, proches de l’aire de jeux ou…" />
<meta property="og:url" content="https://camping-lestrexons.com/fr/reservering/pitch/" />
<meta property="og:site_name" content="Camping Les Trexons" />
<meta property="article:publisher" content="https://www.facebook.com/LesTrexons" />
<meta property="article:modified_time" content="2025-04-03T13:16:00+00:00" />
<meta property="og:image" content="https://camping-lestrexons.com/wp-content/uploads/2024/11/Caravan-op-22-800x600-min.jpg" />
	<meta property="og:image:width" content="800" />
	<meta property="og:image:height" content="600" />
	<meta property="og:image:type" content="image/jpeg" />
<meta name="twitter:card" content="summary_large_image" />
<meta name="twitter:label1" content="Durée de lecture estimée" />
	<meta name="twitter:data1" content="1 minute" />
<script type="application/ld+json" class="yoast-schema-graph">{"@context":"https://schema.org","@graph":[{"@type":"WebPage","@id":"https://camping-lestrexons.com/fr/reservering/pitch/","url":"https://camping-lestrexons.com/fr/reservering/pitch/","name":"Emplacement - Camping Les Trexons","isPartOf":{"@id":"https://camping-lestrexons.com/fr/#website"},"primaryImageOfPage":{"@id":"https://camping-lestrexons.com/fr/reservering/pitch/#primaryimage"},"image":{"@id":"https://camping-lestrexons.com/fr/reservering/pitch/#primaryimage"},"thumbnailUrl":"https://camping-lestrexons.com/wp-content/uploads/2024/11/Caravan-op-22-800x600-min.jpg","datePublished":"2020-12-24T04:11:08+00:00","dateModified":"2025-04-03T13:16:00+00:00","breadcrumb":{"@id":"https://camping-lestrexons.com/fr/reservering/pitch/#breadcrumb"},"inLanguage":"fr-FR","potentialAction":[{"@type":"ReadAction","target":["https://camping-lestrexons.com/fr/reservering/pitch/"]}]},{"@type":"ImageObject","inLanguage":"fr-FR","@id":"https://camping-lestrexons.com/fr/reservering/pitch/#primaryimage","url":"https://camping-lestrexons.com/wp-content/uploads/2024/11/Caravan-op-22-800x600-min.jpg","contentUrl":"https://camping-lestrexons.com/wp-content/uploads/2024/11/Caravan-op-22-800x600-min.jpg","width":800,"height":600},{"@type":"BreadcrumbList","@id":"https://camping-lestrexons.com/fr/reservering/pitch/#breadcrumb","itemListElement":[{"@type":"ListItem","position":1,"name":"Home","item":"https://camping-lestrexons.com/fr/home-2/"},{"@type":"ListItem","position":2,"name":"Types d&#039;hébergement","item":"https://camping-lestrexons.com/fr/reservering/"},{"@type":"ListItem","position":3,"name":"Emplacement"}]},{"@type":"WebSite","@id":"https://camping-lestrexons.com/fr/#website","url":"https://camping-lestrexons.com/fr/","name":"Camping Les Trexons","description":"Familie camping in Frankrijk de Vogezen","publisher":{"@id":"https://camping-lestrexons.com/fr/#organization"},"potentialAction":[{"@type":"SearchAction","target":{"@type":"EntryPoint","urlTemplate":"https://camping-lestrexons.com/fr/?s={search_term_string}"},"query-input":{"@type":"PropertyValueSpecification","valueRequired":true,"valueName":"search_term_string"}}],"inLanguage":"fr-FR"},{"@type":"Organization","@id":"https://camping-lestrexons.com/fr/#organization","name":"Camping Les Trexons","url":"https://camping-lestrexons.com/fr/","logo":{"@type":"ImageObject","inLanguage":"fr-FR","@id":"https://camping-lestrexons.com/fr/#/schema/logo/image/","url":"https://camping-lestrexons.com/wp-content/uploads/2024/12/cropped-NewColors750-min.png","contentUrl":"https://camping-lestrexons.com/wp-content/uploads/2024/12/cropped-NewColors750-min.png","width":512,"height":512,"caption":"Camping Les Trexons"},"image":{"@id":"https://camping-lestrexons.com/fr/#/schema/logo/image/"},"sameAs":["https://www.facebook.com/LesTrexons"]}]}</script>
<!-- / Yoast SEO plugin. -->

Les campeurs disposant de leur propre tente, caravane, tente-remorque ou camping-car sont les bienvenus pour s’installer sur l’un de nos emplacements spacieux. Chaque emplacement dispose d’un raccordement électrique. Vous pouvez choisir entre des emplacements sur le grand terrain ouvert, des zones plus ombragées ou plus privées, avec une vue dégagée ou entourés de verdure, proches de l’aire de jeux ou…

Types d&#039;hébergement
